Let v = q - o. What is the tens digit of v?
3
Suppose 9 = c + 2*s, 3*s - 5*s = -2*c - 6. Let r be (-2 - 15)*c*-1. Suppose -8*u + 7*u = -r. What is the tens digit of u?
1
Let b be (-1420)/(-9) + (-10)/(-45). Suppose q + x = -0*q + 69, -2*q = -3*x - b. What is the units digit of q?
3
Let l = 1863 + -348. What is the units digit of l?
5
Let a(k) = 2*k**2 - 10*k - 16. Let f be a(8). Suppose 30*i + 10 = f*i. What is the units digit of i?
5
Suppose -3*i + 9 = 3*f - 6, -f - 1 = 0. Let d = i + -2. What is the units digit of d?
4
Suppose y + j - 126 = 0, -4*y + 5*y - 4*j = 141. Suppose -2*t = t - y. What is the tens digit of t?
4
Let g(x) = -2*x**2 + 15*x + 5. Let o be g(7). Suppose -o = -4*n - 2*n. Suppose 2*j = -n*j + 20. What is the units digit of j?
5
Let f(l) = -49*l - 1. Let q be f(-1). Let p = -73 + 78. Suppose -o - q = -p*o. What is the tens digit of o?
1
Let o = 661 + -264. What is the hundreds digit of o?
3
Suppose 19*l - 15*l - 696 = 0. What is the units digit of l?
4
Let c = -12 - -9. Let k = 3 + c. Suppose 9*v - 4*v - 130 = k. What is the tens digit of v?
2
Suppose -2 = n - 15. Suppose -c - 8 = 4*j + n, 0 = 3*c - 9. Let f(z) = z**3 + 6*z**2 - 3*z + 1. What is the tens digit of f(j)?
1
Let w be 4 + (-3 - 8/(-4)). Suppose a + 7 = w*s, 2*a + 2 = 2*s - 0. Suppose 4*l - 98 = -2*h, a*l - 33 = h + 14. What is the units digit of l?
4
Let w = -4031 - -5764. What is the thousands digit of w?
1
Let n(b) be the third derivative of 1/30*b**5 + 1/6*b**3 + 4*b**2 + 0*b + 0 + 1/24*b**4 + 1/60*b**6. What is the units digit of n(2)?
7
Let s = -1 - 14. Let l = s - -13. What is the units digit of 2 + (-16 + 2)/l?
9
Let j(i) = i**2 + 4*i + 7. Let v be (-2)/((-4)/6*-1). Let m be j(v). Suppose 105 = m*n + y, -3*n + 5*y + 39 + 34 = 0. What is the tens digit of n?
2
Let s be -2 + 1 + (4 - -87). Suppose 0 = -f + 4*f - s. Let k = 50 - f. What is the tens digit of k?
2
Let z = 134 + 74. What is the units digit of z?
8
Let c be 2*(-5)/2 + 2. What is the tens digit of (-181)/c - 6/18?
6
Suppose -9 = -3*b + t, -5*t = -2*t. Let m be (-1)/b - (-498)/9. What is the tens digit of 1782/m - 2/5?
3
Suppose -3*l + 7*l = -4*w - 68, -4*l + 5*w - 113 = 0. What is the units digit of 3*l*1/(-2)?
3
Suppose -3*c - 3*l + 1587 = 0, -5*c + 2629 = 2*l - l. What is the units digit of c?
5
Let b = 1 + 13. Let h = b - 11. Suppose 4*c - 108 = d, h*d + 108 = 4*c + 7*d. What is the tens digit of c?
2
Suppose 63*u - 13822 - 16355 = 0. What is the hundreds digit of u?
4
Let t = 19 + -17. Let w(n) = 21*n**3 + n**2 + 3*n - 1. What is the hundreds digit of w(t)?
1
Let x(q) = -15*q + 129. What is the tens digit of x(-22)?
5
Suppose -303 - 477 = -5*o. What is the hundreds digit of o?
1
Suppose 0*l - 3 = 4*n + 3*l, -l - 5 = 0. Suppose 3*t = -n*t + 600. What is the hundreds digit of t?
1
Suppose 0 = -46*f + 14*f + 16032. What is the tens digit of f?
0
What is the hundreds digit of -18136*-4*(-12)/(-384)?
2
Let n(u) = -288*u + 26. What is the units digit of n(-2)?
2
Let f = -17 + 18. Let a(y) = 6*y**3 - y**2 + y. Let p be a(f). Suppose 4*b - 60 = -3*l + p*l, -2*b + l = -28. What is the units digit of b?
2
Let r = 9 - -2. Suppose -2*a - r = -15. Suppose 5 + 3 = a*c. What is the units digit of c?
4
Let s(p) = -3846*p**3 + 4*p**2 - 5*p - 7. What is the hundreds digit of s(-1)?
8
Let k = 152 - 40. Suppose -4*g + 16 = -k. What is the tens digit of g?
3
Let p(i) = -i**3 - 2*i**2 + 3. Suppose -1 - 3 = j. Let d be p(j). Suppose -d = -3*t + 4. What is the units digit of t?
3
Suppose 4*p - 423 = -23. Suppose -2*s = -6*s + k + p, k + 4 = 0. What is the tens digit of s?
2
Suppose 284*g = 273*g + 6567. What is the hundreds digit of g?
5
Suppose 2*v = d - 0 + 3, -2*v + 5*d = 9. Suppose 72 = c - v*o, c = -4*c + 4*o + 393. What is the tens digit of c?
8
Let y be ((-2)/(-6))/(1/24). Suppose 3*h - y = h. Suppose -8 = 4*x, 4*u + h*x - 35 = 25. What is the units digit of u?
7
Let j be -125*(-4 - 34/(-10)). Let q = j + -35. What is the tens digit of q?
4
Let x(d) = -187*d - 15. What is the tens digit of x(-2)?
5
Let y = 58 - 50. What is the units digit of 56*(-3 + y/4)*-1?
6
Let n = -1 - -3. Suppose -n*y + 4*y = 52. What is the tens digit of ((y/(-2))/(-1))/1?
1
Suppose -131 + 338 = -3*h. Let f = h - -195. What is the units digit of f?
6
Let w(b) = 101*b**2 - 2*b + 2. What is the tens digit of w(-2)?
1
Let p(x) = 6*x - 12. Suppose 0 = 4*k - 2 - 22. What is the tens digit of p(k)?
2
Let q be (-2)/6 + 35/15. Suppose 2 = -0*l + 2*l - j, -5*l - j + 5 = 0. Suppose -q*n = -7 + l. What is the units digit of n?
3
Suppose 5*i + 3*h = -3 - 9, 0 = -5*i + 2*h + 8. Let u be (-210)/(-4) + ((-4)/8 - 0). Suppose 2*f + i*f = u. What is the tens digit of f?
2
Suppose 4*f + 33 = 9. Let h = f + 8. Suppose 3*c = 15, 3*c + 13 = 3*a - h*a. What is the tens digit of a?
2
Suppose w - 14 = -3*d, 2*d + 2*d - 72 = -4*w. Let u = w + 84. What is the tens digit of u?
0
Let d = -41 + 44. Suppose 0 = -4*g - u + 962, g - d*u = -u + 245. What is the tens digit of g?
4
Suppose -3*k + 22 = 4*w + 4, 2*k + 5 = 3*w. Suppose 8*h - w*h = -15. What is the tens digit of (1 + h - 8)*-3?
3
Suppose -4*g + 2*j = -2612, 0 = -5*g - 2*j + 817 + 2457. What is the hundreds digit of g?
6
Suppose k + 2*n + 0*n = 1299, 3*k - 3901 = -2*n. What is the units digit of k?
1
Let a(o) = o**3 + 5*o**2 - 16*o + 8. What is the units digit of a(7)?
4
Suppose -8*i - 6904 = -28056. What is the thousands digit of i?
2
Let f be -20*4*(-1)/10. Let b = 1 + f. Let v = 36 - b. What is the units digit of v?
7
Let z = -50 - -54. Suppose 0 = -3*o - 8*i + z*i + 180, -4*o = 5*i - 240. What is the tens digit of o?
6
Let q = 2679 + -1648. What is the thousands digit of q?
1
Let v(x) = x**2 + 6*x - 4. Let k be v(4). Suppose 2*w = 188 - k. What is the units digit of w?
6
What is the tens digit of (199/1)/(17 - 16)?
9
Suppose -5*h = -4*h + 2. Let c = 45 - h. What is the units digit of c?
7
Let g(o) = -2*o + 16. Let h be g(0). Suppose -3*u + 7*u = h. Suppose 65 = 2*z - 5*q - 6, u*z - 2*q = 150. What is the tens digit of z?
3
Let p be (-22 - -2)*8/(-4). Suppose -w - 5*m = -2*w + 10, -m + 28 = w. Suppose 5*q = 5*r - p - w, -3*r - q = -31. What is the units digit of r?
1
Suppose -18*k = -13*k - 10. Suppose -k*g + 5*u = -5, -4*u + 49 = 4*g - u. What is the units digit of g?
0
Suppose -1677 = -5*j + 7*s - 5*s, -2*s - 666 = -2*j. What is the units digit of j?
7
Let v(g) = -g**2 + 5*g + 3. Let a be v(4). Suppose 6*w + 35 = 8*w - 5*o, w - 4*o = 25. Let c = a - w. What is the units digit of c?
2
Suppose 5*m + 2 - 32 = 2*u, -2*u + 4*m = 28. Let p = -6 - u. Suppose 4*j + 52 = 5*s - 5, 0 = -p*s + 4*j + 44. What is the units digit of s?
3
Let n = 0 - 6. Let i(r) = -4*r - 9. Let p be i(n). What is the units digit of (p/(-5))/((-3)/2)?
2
Let o = 231 + -171. What is the units digit of o?
0
Let q = 322 - 12. What is the tens digit of q?
1
Suppose 20 = 4*y - 40. What is the tens digit of -32*(y/12 + -2)?
2
Let v(d) = 3*d - d**3 - 3 - 5*d**2 - 5 - 4*d. What is the units digit of v(-6)?
4
Suppose 52000 = 13*w + 3*w. What is the hundreds digit of w?
2
Suppose 0*z = -z + 3. Let o = 19 - 15. Suppose -2*d = -q - o - 0, 33 = 3*q + z*d. What is the units digit of q?
6
Let i = -16 + 34. What is the tens digit of (-30)/135 - (-526)/i?
2
Suppose 137*y = 138*y - 4. Suppose 3 = f, 2*j - f = y*j - 439. What is the tens digit of j?
1
Let p(u) be the second derivative of u**4/4 + u**3 + u**2 + 19*u. What is the tens digit of p(6)?
4
Suppose -10577 = -4*a - 5*k, 0 = -2*a + 3*k + 2808 + 2453. What is the hundreds digit of a?
6
Let a(j) = 13*j**2 - 13*j**2 - 7*j - 14 + 5*j**2 - 2*j. What is the tens digit of a(8)?
3
Suppose s - 1236 = -5*l + 4520, -l + 23081 = 4*s. What is the tens digit of s?
7
Suppose -3*y = -5*s + 4*s + 6, 3*y - 3 = -2*s. Suppose 28 = 2*n + 5*t, n - 56 = -s*n - 3*t. What is the units digit of n?
4
Let n(g) = g**3 - 15*g**2 - 16*g - 6. Let m be n(16). Let x be ((-16)/12)/(m/63). Suppose l - 32 = -6*d + d, l - 4*d - x = 0. What is the units digit of l?
2
Suppose 64*s - 59*s - 4640 = 0. What is the hundreds digit of s?
9
Let a be 1/(-2) + (-54)/(-4). Let h = a + -11. Suppose -2*i - 5*w + 43 = 0, -h*i + 22 = 3*w - 19. What is the units digit of i?
9
Let k = 10 - 6. Suppose -k*w + 3 + 69 = 0. What is the tens digit of w?
1
Su